{"id":126,"date":"2016-08-22T21:05:41","date_gmt":"2016-08-22T18:05:41","guid":{"rendered":"http:\/\/turkumissio.fi\/missio\/?page_id=126"},"modified":"2017-04-12T12:29:43","modified_gmt":"2017-04-12T09:29:43","slug":"toiminnan-tarkoitus","status":"publish","type":"page","link":"https:\/\/turkumissio.fi\/missio\/toiminnan-tarkoitus\/","title":{"rendered":"Toiminnan tarkoitus"},"content":{"rendered":"<h4 style=\"padding-left: 30px;\">TurkuMissio ry &#8211; toiminnan tarkoitus<\/h4>\n<p style=\"padding-left: 30px;\"><strong>TurkuMissio<\/strong> rakentaa kristillisten seurakuntien ja niiden j\u00e4senten v\u00e4lille sit\u00e4 yhteytt\u00e4, jota Jeesus rukoilee Johanneksen evankeliumin 17 luvussa. Pyrimme avoimeen ja rakentavaan yhteisty\u00f6h\u00f6n kaikkien kristillisten seurakuntien ja yhteis\u00f6jen kanssa sek\u00e4 haluamme tukea niiden toimintaa.<\/p>\n<p style=\"padding-left: 30px;\"><strong>TurkuMission<\/strong> toiminnan perustana on Raamattu, Apostolinen uskontunnustus sek\u00e4 Jeesuksen ylimm\u00e4ispapillinen rukous (Joh.17).<\/p>\n<p style=\"padding-left: 30px;\"><strong>TurkuMissio ei ole seurakunta.<\/strong> Parhaimmillaan se voi olla porstua tai tuulikaappi, jonka kautta etsiv\u00e4 voi l\u00f6yt\u00e4\u00e4 oven johonkin h\u00e4nelle hengelliseksi kodiksi sopivaan kristilliseen seurakuntaan.<\/p>\n<p style=\"padding-left: 30px;\"><strong>TurkuMission<\/strong> tavoitteena on sitouttaa kristittyj\u00e4 omiin seurakuntiinsa sek\u00e4 rohkaista heit\u00e4 hengelliseen kasvuun ja omien palveluteht\u00e4viens\u00e4 l\u00f6yt\u00e4miseen. Osallistumalla TurkuMission toimintaan kaikkien seurakuntien j\u00e4senet voivat olla k\u00e4ytt\u00e4m\u00e4ss\u00e4 lahjojaan ja armolahjojaan Kristuksen ruumiin, Jeesukseen todella turvautuvien maailmanlaajuisen seurakunnan rakentamiseksi.<\/p>\n<p style=\"padding-left: 30px;\"><strong>TurkuMissio<\/strong> j\u00e4rjest\u00e4\u00e4 my\u00f6s silloin t\u00e4ll\u00f6in my\u00f6s kaikille avoimia tilaisuuksia ja koulutustapahtumia. Niist\u00e4 ilmoitetaan Ajankohtaista-sivulla.<\/p>\n<p style=\"padding-left: 30px;\"><strong>TurkuMission<\/strong> toiminta py\u00f6rii vapaaehtoisty\u00f6ll\u00e4 sek\u00e4 lahjoitusvaroilla.<\/p>\n<p style=\"padding-left: 30px;\">Tervetuloa mukaan rakentamaan ruohonjuuritason kristittyjen yhteytt\u00e4, k\u00e4yt\u00e4nn\u00f6n ekumeniaa, jossa kaikki Jeesuksen Kristuksen seuraajat voivat toimia yhdess\u00e4.<\/p>\n<p style=\"padding-left: 30px;\">Voit my\u00f6s tukea <strong>TurkuMission<\/strong> ty\u00f6t\u00e4 rukoilemalla yhdistyksen toiminnan sek\u00e4 sen vastuunkantajien puolesta.<\/p>\n<p>&nbsp;<\/p>\n","protected":false},"excerpt":{"rendered":"<p>TurkuMissio ry &#8211; toiminnan tarkoitus TurkuMissio rakentaa kristillisten seurakuntien ja niiden j\u00e4senten v\u00e4lille sit\u00e4 yhteytt\u00e4, jota Jeesus rukoilee Johanneksen evankeliumin 17 luvussa. Pyrimme avoimeen ja rakentavaan yhteisty\u00f6h\u00f6n kaikkien kristillisten seurakuntien ja yhteis\u00f6jen kanssa sek\u00e4 haluamme tukea niiden toimintaa. TurkuMission toiminnan &hellip; <a href=\"https:\/\/turkumissio.fi\/missio\/toiminnan-tarkoitus\/\">Continued<\/a><\/p>\n","protected":false},"author":1,"featured_media":0,"parent":0,"menu_order":0,"comment_status":"closed","ping_status":"closed","template":"","meta":{"footnotes":""},"class_list":["post-126","page","type-page","status-publish","hentry"],"yoast_head":"<!-- This site is optimized with the Yoast SEO plugin v26.8 - https:\/\/yoast.com\/product\/yoast-seo-wordpress\/ -->\n<title>Toiminnan tarkoitus - Turkumissio ry<\/title>\n<meta name=\"robots\" content=\"index, follow, max-snippet:-1, max-image-preview:large, max-video-preview:-1\" \/>\n<link rel=\"canonical\" href=\"http:\/\/turkumissio.fi\/missio\/toiminnan-tarkoitus\/\" \/>\n<meta property=\"og:locale\" content=\"fi_FI\" \/>\n<meta property=\"og:type\" content=\"article\" \/>\n<meta property=\"og:title\" content=\"Toiminnan tarkoitus - Turkumissio ry\" \/>\n<meta property=\"og:description\" content=\"TurkuMissio ry &#8211; toiminnan tarkoitus TurkuMissio rakentaa kristillisten seurakuntien ja niiden j\u00e4senten v\u00e4lille sit\u00e4 yhteytt\u00e4, jota Jeesus rukoilee Johanneksen evankeliumin 17 luvussa. Pyrimme avoimeen ja rakentavaan yhteisty\u00f6h\u00f6n kaikkien kristillisten seurakuntien ja yhteis\u00f6jen kanssa sek\u00e4 haluamme tukea niiden toimintaa. TurkuMission toiminnan &hellip; Continued\" \/>\n<meta property=\"og:url\" content=\"http:\/\/turkumissio.fi\/missio\/toiminnan-tarkoitus\/\" \/>\n<meta property=\"og:site_name\" content=\"Turkumissio ry\" \/>\n<meta property=\"article:modified_time\" content=\"2017-04-12T09:29:43+00:00\" \/>\n<meta name=\"twitter:card\" content=\"summary_large_image\" \/>\n<meta name=\"twitter:label1\" content=\"Arvioitu lukuaika\" \/>\n\t<meta name=\"twitter:data1\" content=\"1 minuutti\" \/>\n<script type=\"application\/ld+json\" class=\"yoast-schema-graph\">{\"@context\":\"https:\/\/schema.org\",\"@graph\":[{\"@type\":\"WebPage\",\"@id\":\"http:\/\/turkumissio.fi\/missio\/toiminnan-tarkoitus\/\",\"url\":\"http:\/\/turkumissio.fi\/missio\/toiminnan-tarkoitus\/\",\"name\":\"Toiminnan tarkoitus - Turkumissio ry\",\"isPartOf\":{\"@id\":\"http:\/\/turkumissio.fi\/missio\/#website\"},\"datePublished\":\"2016-08-22T18:05:41+00:00\",\"dateModified\":\"2017-04-12T09:29:43+00:00\",\"breadcrumb\":{\"@id\":\"http:\/\/turkumissio.fi\/missio\/toiminnan-tarkoitus\/#breadcrumb\"},\"inLanguage\":\"fi\",\"potentialAction\":[{\"@type\":\"ReadAction\",\"target\":[\"http:\/\/turkumissio.fi\/missio\/toiminnan-tarkoitus\/\"]}]},{\"@type\":\"BreadcrumbList\",\"@id\":\"http:\/\/turkumissio.fi\/missio\/toiminnan-tarkoitus\/#breadcrumb\",\"itemListElement\":[{\"@type\":\"ListItem\",\"position\":1,\"name\":\"Etusivu\",\"item\":\"http:\/\/turkumissio.fi\/missio\/\"},{\"@type\":\"ListItem\",\"position\":2,\"name\":\"Toiminnan tarkoitus\"}]},{\"@type\":\"WebSite\",\"@id\":\"http:\/\/turkumissio.fi\/missio\/#website\",\"url\":\"http:\/\/turkumissio.fi\/missio\/\",\"name\":\"Turkumissio ry\",\"description\":\"\",\"potentialAction\":[{\"@type\":\"SearchAction\",\"target\":{\"@type\":\"EntryPoint\",\"urlTemplate\":\"http:\/\/turkumissio.fi\/missio\/?s={search_term_string}\"},\"query-input\":{\"@type\":\"PropertyValueSpecification\",\"valueRequired\":true,\"valueName\":\"search_term_string\"}}],\"inLanguage\":\"fi\"}]}<\/script>\n<!-- \/ Yoast SEO plugin. -->","yoast_head_json":{"title":"Toiminnan tarkoitus - Turkumissio ry","robots":{"index":"index","follow":"follow","max-snippet":"max-snippet:-1","max-image-preview":"max-image-preview:large","max-video-preview":"max-video-preview:-1"},"canonical":"http:\/\/turkumissio.fi\/missio\/toiminnan-tarkoitus\/","og_locale":"fi_FI","og_type":"article","og_title":"Toiminnan tarkoitus - Turkumissio ry","og_description":"TurkuMissio ry &#8211; toiminnan tarkoitus TurkuMissio rakentaa kristillisten seurakuntien ja niiden j\u00e4senten v\u00e4lille sit\u00e4 yhteytt\u00e4, jota Jeesus rukoilee Johanneksen evankeliumin 17 luvussa. Pyrimme avoimeen ja rakentavaan yhteisty\u00f6h\u00f6n kaikkien kristillisten seurakuntien ja yhteis\u00f6jen kanssa sek\u00e4 haluamme tukea niiden toimintaa. TurkuMission toiminnan &hellip; Continued","og_url":"http:\/\/turkumissio.fi\/missio\/toiminnan-tarkoitus\/","og_site_name":"Turkumissio ry","article_modified_time":"2017-04-12T09:29:43+00:00","twitter_card":"summary_large_image","twitter_misc":{"Arvioitu lukuaika":"1 minuutti"},"schema":{"@context":"https:\/\/schema.org","@graph":[{"@type":"WebPage","@id":"http:\/\/turkumissio.fi\/missio\/toiminnan-tarkoitus\/","url":"http:\/\/turkumissio.fi\/missio\/toiminnan-tarkoitus\/","name":"Toiminnan tarkoitus - Turkumissio ry","isPartOf":{"@id":"http:\/\/turkumissio.fi\/missio\/#website"},"datePublished":"2016-08-22T18:05:41+00:00","dateModified":"2017-04-12T09:29:43+00:00","breadcrumb":{"@id":"http:\/\/turkumissio.fi\/missio\/toiminnan-tarkoitus\/#breadcrumb"},"inLanguage":"fi","potentialAction":[{"@type":"ReadAction","target":["http:\/\/turkumissio.fi\/missio\/toiminnan-tarkoitus\/"]}]},{"@type":"BreadcrumbList","@id":"http:\/\/turkumissio.fi\/missio\/toiminnan-tarkoitus\/#breadcrumb","itemListElement":[{"@type":"ListItem","position":1,"name":"Etusivu","item":"http:\/\/turkumissio.fi\/missio\/"},{"@type":"ListItem","position":2,"name":"Toiminnan tarkoitus"}]},{"@type":"WebSite","@id":"http:\/\/turkumissio.fi\/missio\/#website","url":"http:\/\/turkumissio.fi\/missio\/","name":"Turkumissio ry","description":"","potentialAction":[{"@type":"SearchAction","target":{"@type":"EntryPoint","urlTemplate":"http:\/\/turkumissio.fi\/missio\/?s={search_term_string}"},"query-input":{"@type":"PropertyValueSpecification","valueRequired":true,"valueName":"search_term_string"}}],"inLanguage":"fi"}]}},"_links":{"self":[{"href":"https:\/\/turkumissio.fi\/missio\/wp-json\/wp\/v2\/pages\/126","targetHints":{"allow":["GET"]}}],"collection":[{"href":"https:\/\/turkumissio.fi\/missio\/wp-json\/wp\/v2\/pages"}],"about":[{"href":"https:\/\/turkumissio.fi\/missio\/wp-json\/wp\/v2\/types\/page"}],"author":[{"embeddable":true,"href":"https:\/\/turkumissio.fi\/missio\/wp-json\/wp\/v2\/users\/1"}],"replies":[{"embeddable":true,"href":"https:\/\/turkumissio.fi\/missio\/wp-json\/wp\/v2\/comments?post=126"}],"version-history":[{"count":7,"href":"https:\/\/turkumissio.fi\/missio\/wp-json\/wp\/v2\/pages\/126\/revisions"}],"predecessor-version":[{"id":319,"href":"https:\/\/turkumissio.fi\/missio\/wp-json\/wp\/v2\/pages\/126\/revisions\/319"}],"wp:attachment":[{"href":"https:\/\/turkumissio.fi\/missio\/wp-json\/wp\/v2\/media?parent=126"}],"curies":[{"name":"wp","href":"https:\/\/api.w.org\/{rel}","templated":true}]}}